6899 composite?
False
Is 42659 prime?
False
Is 54613 a prime number?
False
Is 18883 prime?
False
Is 20037 a prime number?
False
Is 149095 composite?
True
Is 384766 prime?
False
Is 214391 composite?
False
Is 295123 a composite number?
False
Is 57107 a composite number?
False
Is 13901 a prime number?
True
Is 136769 prime?
True
Is 36827 a prime number?
False
Is 81527 composite?
False
Is 2912713 a prime number?
False
Is 17231 a prime number?
True
Is 1421933 prime?
True
Is 2161 a prime number?
True
Is 9989 composite?
True
Is 37489 a composite number?
False
Is 156059 a prime number?
True
Is 3543763 prime?
True
Is 147007 a composite number?
True
Is 454109 a prime number?
True
Is 67391 a prime number?
True
Is 630373 a composite number?
True
Is 49649 a prime number?
False
Is 79367 composite?
False
Is 70979 composite?
False
Is 3943 a prime number?
True
Is 57115 a prime number?
False
Is 17657 a prime number?
True
Is 716063 a composite number?
False
Is 36973 a prime number?
True
Is 1017143 composite?
True
Is 813419 composite?
False
Is 80747 composite?
False
Is 113891 composite?
False
Is 3343333 a composite number?
True
Is 2999 a prime number?
True
Is 3155 a composite number?
True
Is 14165 prime?
False
Is 9533 a composite number?
False
Is 570299 a composite number?
True
Is 16805 a prime number?
False
Is 231197 a prime number?
True
Is 51449 a prime number?
True
Is 95383 a composite number?
False
Is 34462 a composite number?
True
Is 326399 prime?
False
Is 38071 a composite number?
True
Is 23977 a prime number?
True
Is 44059 prime?
True
Is 59509 composite?
False
Is 9939 prime?
False
Is 901 prime?
False
Is 84263 composite?
False
Is 257981 a composite number?
False
Is 397 prime?
True
Is 3833 composite?
False
Is 29629 a prime number?
True
Is 51109 a composite number?
False
Is 3143 a composite number?
True
Is 333731 prime?
False
Is 56767 a composite number?
False
Is 1110743 a prime number?
True
Is 152597 a composite number?
False
Is 5161381 composite?
False
Is 1869662 a composite number?
True
Is 22061 prime?
False
Is 59941 prime?
False
Is 115151 a composite number?
False
Is 44483 a prime number?
True
Is 123115 prime?
False
Is 3709 prime?
True
Is 67021 composite?
False
Is 138727 composite?
False
Is 16743 a composite number?
True
Is 1847 a composite number?
False
Is 239 a composite number?
False
Is 17657 a composite number?
False
Is 25019 composite?
True
Is 26801 a prime number?
True
Is 75389 prime?
True
Is 36289 a composite number?
True
Is 403037 prime?
True
Is 4357 a prime number?
True
Is 481487 a composite number?
True
Is 85971 prime?
False
Is 267602 composite?
True
Is 1345 composite?
True
Is 30971 prime?
True
Is 20261 prime?
True
Is 15101 prime?
True
Is 1978567 a composite number?
False
Is 142451 a composite number?
True
Is 12227 a prime number?
True
Is 1291139 a prime number?
True
Is 58403 a composite number?
False
Is 1123 composite?
False
Is 4836827 prime?
True
Is 23857 prime?
True
Is 259493 prime?
False
Is 193538 a composite number?
True
Is 1510087 a prime number?
True
Is 53855 a composite number?
True
Is 250253 prime?
True
Is 8513 composite?
False
Is 244423 a composite number?
False
Is 30577 composite?
False
Is 96097 prime?
True
Is 7019 a composite number?
False
Is 5039 composite?
False
Is 32449 composite?
True
Is 263489 a prime number?
True
Is 992287 prime?
False
Is 68597 composite?
False
Is 7501 composite?
True
Is 638285 a composite number?
True
Is 3947 composite?
False
Is 28163 prime?
True
Is 110497 a composite number?
True
Is 204427 a prime number?
True
Is 495002 composite?
True
Is 47062 a composite number?
True
Is 193495 prime?
False
Is 131354 composite?
True
Is 18191 composite?
False
Is 1594 a composite number?
True
Is 186211 a prime number?
True
Is 1065893 a prime number?
True
Is 68509 a composite number?
True
Is 261379 composite?
False
Is 39607 a composite number?
False
Is 16249 composite?
False
Is 20627 prime?
True
Is 79801 a composite number?
False
Is 3943 composite?
False
Is 10007 composite?
False
Is 525869 a prime number?
True
Is 183139 composite?
True
Is 642449 a prime number?
False
Is 131167 prime?
False
Is 32321 composite?
False
Is 75793 a prime number?
True
Is 958411 a prime number?
False
Is 204629 a composite number?
True
Is 39761 a composite number?
False
Is 188779 prime?
True
Is 10777 a prime number?
False
Is 36293 prime?
True
Is 28321 a prime number?
False
Is 243989 a prime number?
True
Is 233278 a prime number?
False
Is 5961 prime?
False
Is 12659 a composite number?
False
Is 22889 a prime number?
False
Is 216719 a prime number?
True
Is 43 a prime number?
True
Is 58269 a prime number?
False
Is 40157 composite?
True
Is 20561 a composite number?
True
Is 1354981 a prime number?
True
Is 631 prime?
True
Is 308003 a prime number?
True
Is 51247 prime?
False
Is 80133 prime?
False
Is 96323 a composite number?
False
Is 19945 a prime number?
False
Is 4977569 a prime number?
True
Is 30467 prime?
True
Is 456693 a prime number?
False
Is 782107 prime?
True
Is 168793 a prime number?
False
Is 18799 a composite number?
True
Is 195677 a composite number?
False
Is 1841 a composite number?
True
Is 13071 prime?
False
Is 520291 prime?
True
Is 30019 composite?
True
Is 19661 a prime number?
True
Is 8209 a composite number?
False
Is 163015 prime?
False
Is 4421831 a composite number?
False
Is 573437 prime?
True
Is 52007 a composite number?
True
Is 2479 composite?
True
Is 1064801 prime?
True
Is 12941 composite?
False
Is 12517 a prime number?
True
Is 1972063 prime?
False
Is 58119 composite?
True
Is 8849 a prime number?
True
Is 1399 a prime number?
True
Is 325849 a composite number?
False
Is 855419 prime?
True
Is 64547 prime?
False
Is 12403 prime?
False
Is 176497 prime?
True
Is 490223 a prime number?
True
Is 213 a composite number?
True
Is 61715 a prime number?
False
Is 1380074 composite?
True
Is 3706177 composite?
True
Is 143053 a prime number?
True
Is 1598182 prime?
False
Is 57829 composite?
False
Is 1439 prime?
True
Is 156307 composite?
False
Is 21829 prime?
False
Is 72989 a prime number?
False
Is 7249 prime?
False
Is 1320947 a composite number?
False
Is 14029 prime?
True
Is 38059 a composite number?
True
Is 2789 a prime number?
True
Is 26309 a prime number?
True
Is 572395 prime?
False
Is 31469 a composite number?
False
Is 63471 a prime number?
False
Is 18077 a composite number?
False
Is 13358 prime?
False
Is 1693 prime?
True
Is 1368727 a prime number?
True
Is 1244857 a prime number?
True
Is 3719 a prime number?
True
Is 368833 a composite number?
False
Is 2327099 a prime number?
True
Is 31747 a prime number?
False
Is 1043 a composite number?
True
Is 17126 a prime number?
False
Is 2707 composite?
False
Is 72151 a prime number?
False
Is 8887 composite?
False
Is 33819 composite?
True
Is 20569 prime?
False
Is 17803 composite?
True
Is 5051 a composite number?
False
Is 21961 a composite number?
False
Is 310679 composite?
True
Is 10637 a composite number?
True
Is 34057 composite?
False
Is 30449 composite?
False
Is 493781 prime?
False
Is 87545 prime?
False
Is 76971 composite?
True
Is 192569 a composite number?
True
Is 4247 composite?
True
Is 567697 prime?
False
Is 631817 a prime number?
True
Is 31013 a prime number?
True
Is 54251 a prime number?
True
Is 2337593 prime?
True
Is 152319 a prime number?
False
Is 15427 prime?
True
Is 4685 a prime number?
False
Is 23098 a composite number?
True
Is 48031 prime?
False
Is 46609 composite?
True
Is 225035 a composite number?
True
Is 1867 composite?
False
Is 113891 composite?
False
Is 103529 composite?
False
Is 30727 a prime number?
True
Is 78397 prime?
False
Is 8413 a composite number?
True
Is 30183 a prime number?
False
Is 50917 prime?
False
Is 394153 a prime number?
True
Is 19937 composite?
False
Is 441479 a composite number?
False
Is 128657 a prime number?
True
Is 93287 prime?
True
Is 162413 a composite number?
False
Is 15947 prime?
False
Is 799979 a composite number?
False
Is 1219 prime?
False
Is 1047 a composite number?
True
Is 1281557 composite?
True
Is 12521 a composite number?
True
Is 1224673 a composite number?
False
Is 102965 composite?
True
Is 198179 a composite number?
False
Is 291779 prime?
True
Is 1752097 a prime number?
True
Is 777041 prime?
True
Is 4201 prime?
True
Is 1893043 a prime number?
False
Is 7901 composi